(n) = -n**2 + 109*n - 762. List the prime factors of q(79).
2, 3, 67
Let r(i) = -16*i + 98. Let x be r(6). Suppose 5*c + x - 1337 = 0. What are the prime factors of c?
3, 89
What are the prime factors of (1112/20)/((-13)/((-93925)/10))?
17, 139
Let l(m) = 3*m**2 + 48*m + 33. Let c be (-18)/27*(-15)/(-2). Let k(o) = 5*o**2 + 72*o + 50. Let r(y) = c*k(y) + 8*l(y). List the prime factors of r(13).
157
Suppose -2628*y = -2597*y - 1086612. What are the prime factors of y?
2, 3, 23, 127
Let d(w) = 20*w**2 + 12*w**2 + 4*w**2 + 11*w**2 - w. Let u be d(1). Suppose -12 = z - u. List the prime factors of z.
2, 17
Suppose g = -6*v + 4601, -367*g + 371*g = -4*v + 3084. Let d(f) = 18*f**3 - 2*f**2 - f - 2. Let p be d(-3). Let r = v + p. What are the prime factors of r?
263
Let v(x) = 90*x**2 + 10*x + 12. Let o(a) = -89*a**2 - 8*a - 11. Let g(d) = -7*o(d) - 6*v(d). List the prime factors of g(1).
2, 3, 7
Suppose 7*a = 2*a - 2*x + 42305, -a + 8469 = 2*x. List the prime factors of a.
11, 769
What are the prime factors of 2/16*-1 - (6 + 26121795/(-280))?
2, 46643
Let g(x) be the second derivative of x**4/12 - x**3/2 - 4*x**2 - x - 5. Suppose 0 = -a - 6. What are the prime factors of g(a)?
2, 23
Let o(t) = 65*t**2 + 7*t + 19. Let h(q) = -21*q**2 - 2*q - 6. Let z(f) = -7*h(f) - 2*o(f). What are the prime factors of z(-4)?
2, 3, 23
Let y(l) = -14*l**2 + 3 - 2*l**2 - 62*l + 20*l**2. What are the prime factors of y(23)?
3, 7, 11
Let y = 28 + -27. Suppose 4*b = 5*t + 1, -4*t - y - 6 = 3*b. List the prime factors of ((-350)/8 + t)/(1/(-4)).
179
Suppose -5*n - z + 16320 = -75251, -4*z = 5*n - 91559. What are the prime factors of n?
3, 5, 11, 37
Let b(g) = -11*g**3 - 13*g**2 - 19*g + 76. Let c(z) = 9*z**3 + 12*z**2 + 19*z - 77. Let m(n) = 5*b(n) + 6*c(n). List the prime factors of m(6).
2, 17
Let w(h) = -795*h + 2. Let t be w(-2). Suppose -5*d + 4*b = -t, -d + 5*b - 617 = -3*d. Suppose -5*g + d = -g. List the prime factors of g.
79
Let y = 89 - 48. Suppose -y + 211 = -5*j. Let h = j - -81. What are the prime factors of h?
47
Let y(h) = -3*h - 9. Let r be y(-5). Suppose d - r = -6. Suppose -2*q - p = -d*q - 154, 3*q - 4*p - 231 = 0. List the prime factors of q.
7, 11
Let n(o) = -2*o**2 + 21*o - 36. Let u be n(8). Suppose -8*q + 7*q + 1012 = u*t, 5*q + 232 = t. What are the prime factors of t?
2, 3, 7
Let d(g) = g**3 + g**2 - 2*g - 2. Let x be d(-1). Suppose x = 2*u - 51 - 11. What are the prime factors of u?
31
Suppose 2189*n + 794280 = 2204*n. List the prime factors of n.
2, 6619
Let v(m) = -m**3 - 21*m**2 - 111*m - 7. Let n be v(-11). Let p = 5 - 3. Suppose -p*s + 3*r + 221 = n*r, -3*s - r + 333 = 0. List the prime factors of s.
2, 7
Let a(f) = 11829*f - 8103. What are the prime factors of a(5)?
2, 3, 47, 181
Let a(g) = -24 - 16 + 211*g - 23 - 18 + 75. List the prime factors of a(1).
5, 41
Let l = -29 + 17. Let m be (l/9)/((-2)/18). List the prime factors of ((-2)/6)/(10/m - 1).
2
Suppose -37*n + 62770 = -27*n. List the prime factors of n.
6277
List the prime factors of (88232/410 + 88)/(0 + (-2)/(-245)).
2, 7, 379
Let y(s) = -s. Let w(r) = 7*r + 2. Let q(o) = w(o) - 4*y(o). Let a be q(-14). List the prime factors of a/(-6) - (-12)/18.
2, 13
Suppose -5*d + 3*k + 2550 = 0, -6*d + 2*d + 5*k + 2040 = 0. Suppose -x - 5*n + 122 = -0*x, -d = -5*x - 5*n. List the prime factors of x.
97
Suppose 0 = 5*o, j = -117*o + 113*o + 3338. What are the prime factors of j?
2, 1669
Let y(d) = -28953*d**3 + 6*d**2 + 9*d + 3. What are the prime factors of y(-1)?
3, 3217
Let g be (-12)/(-30) + 46/10. Suppose w - 269 = 5*t, -2*w - 4*t = -g*t - 583. Suppose -w - 36 = -5*z. List the prime factors of z.
2, 3, 11
Suppose 2*c - i - 126 = 0, -2*i + 4*i = c - 60. Suppose 4*o - 5*z = -z + 32, 5*z + 25 = 0. Suppose c = u + o*u. What are the prime factors of u?
2
Suppose -3*g - 834 = -0*b - 3*b, 0 = -5*g + 4*b - 1389. Let f = 382 - g. Suppose 5*a - 838 = -2*c + c, 4*a - 3*c = f. What are the prime factors of a?
167
Let h(n) = 6*n**3 - 84*n**2 - 55*n - 10. List the prime factors of h(20).
2, 3, 5, 443
Suppose -5*n = -a - 3, 3*n - 7*a = -11*a + 11. List the prime factors of 474 + (0 - n)*-3.
3, 53
Let q(u) be the second derivative of u**5/5 - 2*u**4/3 - 31*u**2/2 + 37*u. List the prime factors of q(7).
13, 73
Let c(n) = n**2 - n - 5. Let t be c(-2). Let d(j) = 4*j**2 - 109*j**3 - 5*j**2 + 6*j + t - 5*j - 20*j**3. List the prime factors of d(-1).
2
Let g(b) = -39*b**2 + 5*b - 7. Let m be g(5). Let s = m - -1852. List the prime factors of s.
5, 179
List the prime factors of (-1395)/1116 + 104161/4.
13, 2003
Let p be (-1 - 44)*(-64)/(-160). List the prime factors of (-4528)/(-12) + 7 + 114/p.
2, 3, 7
Let y = -275 - -47. Let j = -183 - y. What are the prime factors of j?
3, 5
Let y(f) = -f**3 + 56*f**2 + 117*f - 51. List the prime factors of y(56).
3, 11, 197
Let o(t) = t**2 + 9*t - 47. Let i be o(4). Suppose k + 3*l - 1490 = 0, -13*k + 16*k - i*l - 4442 = 0. What are the prime factors of k?
2, 7, 53
Let j = -139 - -142. Suppose 5*u - 2*u = j*f + 2145, 2146 = 3*u - 4*f. What are the prime factors of u?
2, 3, 7, 17
Suppose 4*q + 5*t = 9*t + 87556, 0 = -2*q - t + 43769. List the prime factors of q.
2, 31, 353
Suppose 12*v - 145687 - 109978 = -81881. List the prime factors of v.
2, 13, 557
Let p be 416 + 1*(-5 - -10). Suppose -x = 2*z - 10, 6*z + 4*x = z + 25. Suppose z*i + 3*g - p = 0, i = -2*i + 4*g + 270. What are the prime factors of i?
2, 43
Suppose 0 = -4*t - 6*t + 70122 + 102648. List the prime factors of t.
3, 13, 443
List the prime factors of (42/35)/((-30)/(-72200)).
2, 19
Let u be (-29)/(174/(-32760)) - 6. Suppose 15*m = 6*m + u. List the prime factors of m.
2, 3, 101
Let m(k) = 107*k - 167. Let r be m(2). Suppose -r = 2*c - 39, 5*a = 4*c + 3146. List the prime factors of a.
2, 313
Let x be 347/(-2) - (0 - 6/12). Let z = 664 + x. List the prime factors of z.
491
Let k = -4347 - -50709. List the prime factors of k.
2, 3, 7727
Let v be (1128/(-9))/((-22)/99*3). Let j(x) = -4*x**3 + 1. Let m be j(-1). Suppose -m*r + v - 28 = 0. What are the prime factors of r?
2
Suppose -10*k = -12 - 18. Suppose 4*x = -x - k*x. Suppose x = 6*s - 4*s - 8. What are the prime factors of s?
2
Suppose -3277*z + 3268*z + 38754 = 0. List the prime factors of z.
2, 2153
List the prime factors of (19/(-152)*6)/(2/(-112024)).
3, 11, 19, 67
Let n(u) = -u**3 + 4*u**2 - 3*u + 5414. List the prime factors of n(0).
2, 2707
Let m = 22341 - 14721. List the prime factors of m.
2, 3, 5, 127
Suppose 0 = d + 5*d - 18. Suppose l - 20 = -d*l. Suppose 2*z = 4*b - 22, l*z + 31 - 3 = b. List the prime factors of b.
3
Let y(j) = -134*j**2 + 14*j + 7*j + 40 + 135*j**2. List the prime factors of y(-21).
2, 5
Suppose -4*x + v + 176 = -347, 0 = -x - 4*v + 118. What are the prime factors of 3/9 - 32/(-12)*x?
347
Suppose 52295 = z + 4*v, -20*z = -14*z - 3*v - 313608. What are the prime factors of z?
167, 313
Let g(c) = c**2 - 5*c + 10. Let t be g(0). Suppose t*p - 427 - 183 = 0. List the prime factors of p.
61
Suppose -3*q + 137346 = 63*q. What are the prime factors of q?
2081
List the prime factors of 1*-1109*-1*(0 - -1).
1109
What are the prime factors of (32539 + 6)*4/20?
23, 283
Let b = 369 + -258. Suppose -w + b = -137. Suppose -6*o - w = -10*o. What are the prime factors of o?
2, 31
Suppose 0 = -h + 24 + 50. Suppose 3*o - 202 = -u, o + u = 4*u + h. List the prime factors of (o/6)/(6 - 112/21).
17
Let y = -95 + 84. Let k = y - -15. Suppose f - c - 221 = -k*c, 3*f - 723 = 3*c. What are the prime factors of f?
2, 59
Suppose -9*z = -2*z + 1218. Let c = z - -360. What are the prime factors of c?
2, 3, 31
List the prime factors of (-8)/10 - ((-5802003)/115)/9 - 2.
13, 431
Let r = 5197 + -3637. Let n = -1065 + r. List the prime factors of n.
3, 5, 11
Let x = 43391 - 24891. What are the prime factors of x?
2, 5, 37
Suppose 2*u + 19 = -33. Let i = -22 - u. Suppose -i - 15 = -w. List the prime factors of w.
19
Suppose 0*i + i = -4*r + 3, 23 = 4*r - 3*i. Suppose 0 = r*d + 3*g - 309, -151 = 6*d - 7*d - 5*g. List the prime factors of d.
2, 3, 13
Let i = -426 - -427. What are the prime factors of 4 + -11 + i + 411?
3, 5
List the prime factors of (-93)/434 + 4/(112/1865226).
3, 5, 4441
Suppose j + 4*m - 1260 = 4*j, -3*j - 1236 = 4*m. Let n = -136 - j. List